{"id":578,"date":"2017-07-06T16:47:50","date_gmt":"2017-07-06T14:47:50","guid":{"rendered":"http:\/\/www.spazioweb2.buonastampa.net\/?page_id=578"},"modified":"2023-06-20T14:44:11","modified_gmt":"2023-06-20T12:44:11","slug":"ricerca-finanziamenti","status":"publish","type":"page","link":"https:\/\/piemontecnica.com\/index.php\/ricerca-finanziamenti\/","title":{"rendered":"Gare per concessioni demaniali marittime (balneari)"},"content":{"rendered":"<p>[vc_row][vc_column][vc_single_image image=&#8221;2138&#8243; img_size=&#8221;full&#8221; alignment=&#8221;center&#8221;][\/vc_column][\/vc_row][vc_row][vc_column css=&#8221;.vc_custom_1496910251777{margin-top: 50px !important;margin-bottom: 50px !important;}&#8221;][vc_column_text el_class=&#8221;testo20&#8243;]L&#8217;art. 12 direttiva 2006\/123\/CE del Parlamento Europeo e del Consiglio, (nota come direttiva Bolkestein), stabilisce che il rilascio delle concessioni demaniali marittime e lacuali deve necessariamente avvenire attraverso gara pubblica che consenta a tutti gli operatori economici di inserirsi nel mercato. Le norme previste dal D.Lgs. 163\/06 saranno applicabili anche alle concessioni di beni del demanio marittimo preordinate all\u2019esecuzione di opere pubbliche.<\/p>\n<p>Il nostro studio aiuta le imprese di settore nella predisposizione delle offerte per le procedure di gara.<\/p>\n<p>Scopri di pi\u00f9 sul sito dedicato <a href=\"http:\/\/www.concessionidemaniali.com\">www.concessionidemaniali.com<\/a>[\/vc_column_text][\/vc_column][\/vc_row][vc_row][vc_column][\/vc_column][\/vc_row][vc_row][vc_column][vc_separator color=&#8221;white&#8221; css=&#8221;.vc_custom_1500977064615{margin-top: 20px !important;margin-bottom: 20px !important;}&#8221;]<div class=\"call-to-action\">\n\t\t\t\t\t\t<div class=\"col-md-9\">\n\t\t\t\t\t\t\t<h2 class=\"action-title\" style=font-size:18px;>\n\t\t\t\t\t\t\t\tContattaci per informazioni\n\t\t\t\t\t\t\t<\/h2>\n\t\t\t\t\t\t<\/div>\n\t\t\t\t\t\t<div class=\"col-md-3 button-side\">\n\t\t\t\t\t\t\t<a class=\"btn btn-toranj\" href=\"http:\/\/piemontecnica.com\/index.php\/contatti\/\" target=\"\">Contattaci<\/a>\n\t\t\t\t\t\t<\/div>\n\t\t\t\t\t\t<div class=\"clearfix\"><\/div>\n\t\t\t\t\t<\/div>[vc_separator border_width=&#8221;5&#8243; css=&#8221;.vc_custom_1496911635888{margin-top: 50px !important;margin-bottom: 50px !important;}&#8221;][vc_row_inner][vc_column_inner width=&#8221;1\/3&#8243;]<a href=\"http:\/\/piemontecnica.com\/index.php\/consulenza-aziendale\/\" target=\"\"><div class=\"tj-hover-3\">\n\t\t\t\t\t\t\t\t<img src=\"https:\/\/piemontecnica.com\/wp-content\/uploads\/2017\/07\/consulenze.jpg\" class=\"img-responsive\" alt=\"Consulenza Aziendale\">\n\n\t\t\t\t\t\t\t\t<!-- Item Overlay -->\n\t\t\t\t\t\t\t\t<div class=\"tj-overlay\">\n\t\t\t\t\t\t\t\t\t<div class=\"vcenter-wrapper\">\n\t\t\t\t\t\t\t\t\t\t<div class=\"overlay-texts vcenter\">\n\t\t\t\t\t\t\t\t\t\t\t<h3 class=\"title\">Consulenza Aziendale<\/h3>\n\t\t\t\t\t\t\t\t\t\t\t<h4 class=\"subtitle\">Con cura e professionalit\u00e0 ottimizziamo ogni soluzione per la tua impresa<\/h4>\n\t\t\t\t\t\t\t\t\t\t<\/div>\n\t\t\t\t\t\t\t\t\t<\/div>\n\t\t\t\t\t\t\t\t<\/div>\n\t\t\t\t\t\t\t\t<!-- \/Item Overlay -->\n\t\t\t\t\t\t\t<\/div><\/a>[\/vc_column_inner][vc_column_inner width=&#8221;1\/3&#8243;]<a href=\"http:\/\/piemontecnica.com\/index.php\/servizi-per-ingegneria\/\" target=\"\"><div class=\"tj-hover-3\">\n\t\t\t\t\t\t\t\t<img src=\"https:\/\/piemontecnica.com\/wp-content\/uploads\/2017\/07\/servizi-ingegneria.jpg\" class=\"img-responsive\" alt=\"Servizi per l&#039;ingegneria\">\n\n\t\t\t\t\t\t\t\t<!-- Item Overlay -->\n\t\t\t\t\t\t\t\t<div class=\"tj-overlay\">\n\t\t\t\t\t\t\t\t\t<div class=\"vcenter-wrapper\">\n\t\t\t\t\t\t\t\t\t\t<div class=\"overlay-texts vcenter\">\n\t\t\t\t\t\t\t\t\t\t\t<h3 class=\"title\">Servizi per l&#039;ingegneria<\/h3>\n\t\t\t\t\t\t\t\t\t\t\t<h4 class=\"subtitle\">Tutto ci\u00f2 che hai in mente con noi \u00e8 pi\u00f9 semplice<\/h4>\n\t\t\t\t\t\t\t\t\t\t<\/div>\n\t\t\t\t\t\t\t\t\t<\/div>\n\t\t\t\t\t\t\t\t<\/div>\n\t\t\t\t\t\t\t\t<!-- \/Item Overlay -->\n\t\t\t\t\t\t\t<\/div><\/a>[\/vc_column_inner][vc_column_inner width=&#8221;1\/3&#8243;]<a href=\"http:\/\/piemontecnica.com\/\" target=\"\"><div class=\"tj-hover-3\">\n\t\t\t\t\t\t\t\t<img src=\"https:\/\/piemontecnica.com\/wp-content\/uploads\/2017\/07\/piemontecnica-main.jpg\" class=\"img-responsive\" alt=\"Home Page\">\n\n\t\t\t\t\t\t\t\t<!-- Item Overlay -->\n\t\t\t\t\t\t\t\t<div class=\"tj-overlay\">\n\t\t\t\t\t\t\t\t\t<div class=\"vcenter-wrapper\">\n\t\t\t\t\t\t\t\t\t\t<div class=\"overlay-texts vcenter\">\n\t\t\t\t\t\t\t\t\t\t\t<h3 class=\"title\">Home Page<\/h3>\n\t\t\t\t\t\t\t\t\t\t\t<h4 class=\"subtitle\">La casa di Piemontecnica<\/h4>\n\t\t\t\t\t\t\t\t\t\t<\/div>\n\t\t\t\t\t\t\t\t\t<\/div>\n\t\t\t\t\t\t\t\t<\/div>\n\t\t\t\t\t\t\t\t<!-- \/Item Overlay -->\n\t\t\t\t\t\t\t<\/div><\/a>[\/vc_column_inner][\/vc_row_inner][\/vc_column][\/vc_row]<\/p>\n","protected":false},"excerpt":{"rendered":"<p>[vc_row][vc_column][vc_single_image image=&#8221;2138&#8243; img_size=&#8221;full&#8221; alignment=&#8221;center&#8221;][\/vc_column][\/vc_row][vc_row][vc_column css=&#8221;.vc_custom_1496910251777{margin-top: 50px !important;margin-bottom: 50px !important;}&#8221;][vc_column_text el_class=&#8221;testo20&#8243;]L&#8217;art. 12 direttiva 2006\/123\/CE del Parlamento Europeo e del Consiglio, (nota come direttiva Bolkestein), stabilisce che il rilascio delle concessioni demaniali marittime e lacuali deve necessariamente avvenire attraverso gara pubblica che consenta a tutti gli operatori economici di inserirsi nel mercato. Le norme previste dal D.Lgs. [&hellip;]<\/p>\n","protected":false},"author":1,"featured_media":0,"parent":0,"menu_order":0,"comment_status":"closed","ping_status":"closed","template":"","meta":[],"_links":{"self":[{"href":"https:\/\/piemontecnica.com\/index.php\/wp-json\/wp\/v2\/pages\/578"}],"collection":[{"href":"https:\/\/piemontecnica.com\/index.php\/wp-json\/wp\/v2\/pages"}],"about":[{"href":"https:\/\/piemontecnica.com\/index.php\/wp-json\/wp\/v2\/types\/page"}],"author":[{"embeddable":true,"href":"https:\/\/piemontecnica.com\/index.php\/wp-json\/wp\/v2\/users\/1"}],"replies":[{"embeddable":true,"href":"https:\/\/piemontecnica.com\/index.php\/wp-json\/wp\/v2\/comments?post=578"}],"version-history":[{"count":12,"href":"https:\/\/piemontecnica.com\/index.php\/wp-json\/wp\/v2\/pages\/578\/revisions"}],"predecessor-version":[{"id":2139,"href":"https:\/\/piemontecnica.com\/index.php\/wp-json\/wp\/v2\/pages\/578\/revisions\/2139"}],"wp:attachment":[{"href":"https:\/\/piemontecnica.com\/index.php\/wp-json\/wp\/v2\/media?parent=578"}],"curies":[{"name":"wp","href":"https:\/\/api.w.org\/{rel}","templated":true}]}}